- (-108)/20.
5
Let g(u) be the third derivative of u**5/60 - u**4/12 - 7*u**3/6 - 2*u**2. List the prime factors of g(8).
41
Let c be ((-6)/4)/((-6)/8). Let q = 55 - 39. Suppose b + 5 = -v + q, 4*v - 24 = -c*b. List the prime factors of b.
2, 5
Let m be (-1)/5 - 104/(-20). Let w(j) = -j - 2. Let q be w(m). Let b = q + 19. List the prime factors of b.
2, 3
Let z = 14 - 8. Let b be 91/(-3) + z/(-9). Let r = -18 - b. List the prime factors of r.
13
Let j = -7 - -6. Let z be 28/(-8) + j/2. List the prime factors of 0 + -1 + z + 16.
11
Let k(q) = q**3 - 5*q**2 - 8*q - 5. Let y(j) = 3*j**3 - 9*j**2 - 15*j - 9. Let v(i) = 5*k(i) - 2*y(i). What are the prime factors of v(-6)?
17
Let h(x) = 9*x**2 + 5*x + 5. What are the prime factors of h(-3)?
71
List the prime factors of 260/12 - (-4)/(-6).
3, 7
Suppose -48 = -13*b + 11*b. List the prime factors of b.
2, 3
Suppose -3*l - 25 = 2*z - 78, 2*z = 3*l + 35. What are the prime factors of z?
2, 11
Let d = 21 + -25. List the prime factors of (-47)/(-4) - 1/d.
2, 3
Suppose 0 = h + 3*l - 11 - 3, 2*l - 13 = -h. List the prime factors of h.
11
Let x(h) = -h**3 - 11*h**2 + 9*h - 7. Let g be x(-12). Suppose -5*v + 46 + g = 0. What are the prime factors of v?
3, 5
Let t(n) = -n**3 + 5*n**2 + 8*n - 3. List the prime factors of t(6).
3
Let h(v) = v**3 - 5*v**2 + 2. Let w be h(5). Let c(b) = b**2 - 6*b - 6. Let m be c(7). What are the prime factors of -1 + m + 5 + w?
7
Let q(w) = -w**3 - 9*w**2 - w. Let d be q(-9). Suppose 5*g - 116 = f, 4*f + d = g - 18. List the prime factors of g.
23
List the prime factors of 3/(-6) - (-2)/(4/79).
3, 13
Suppose 5*t + 2*j - 5 = 0, 0 = -5*t + j + j - 15. List the prime factors of 6/(-12)*50/t.
5
Let y = 12 - 9. Suppose 102 = y*n + 12. List the prime factors of n.
2, 3, 5
Suppose 2*z = -0*z. Suppose z*o = o - 6. What are the prime factors of o?
2, 3
Let x be (-3 + 4 - 6)*-7. Let y = 56 - x. What are the prime factors of y?
3, 7
Let o(p) = 4*p**2 + p - 1. Let l = 6 - 5. List the prime factors of o(l).
2
Suppose -5544 = -25*h + h. List the prime factors of h.
3, 7, 11
Let t(l) = -l**3 - 4*l**2 + 8*l - 3. Let v be t(-6). Let g be -1 + v + (0 - -2). Suppose -3*z + g = 1. List the prime factors of z.
7
Suppose -o = 18 - 69. List the prime factors of o.
3, 17
What are the prime factors of (-280)/(-8) + (0 - 0)?
5, 7
Suppose 70 = 2*w - 18. List the prime factors of w.
2, 11
Suppose 7 - 1 = -4*v - 2*m, 2*v + 3*m = -13. Suppose 3*p - v = -3*a + 8, p - 27 = 5*a. List the prime factors of p.
7
Let x(l) = 2*l - 3. Let v be x(4). Suppose -v*s - n + 13 = -4*s, 0 = -3*s + n + 47. List the prime factors of s.
3, 5
Let q be 6*(2 + 1) + 2. Let b = q - 7. What are the prime factors of b?
13
Suppose 0 = -4*k + 12, k + 5 + 7 = 5*j. Suppose j*i - 8 = 22. What are the prime factors of i?
2, 5
Let x be ((-32)/(-10))/(6/15). Let b(c) = c**2 - 8*c + 6. List the prime factors of b(x).
2, 3
Let m = 39 + -22. What are the prime factors of m?
17
Suppose 0 = 2*f + 3*f + 20. Suppose -2*v + 0*v = -s + 14, 3*s = -3*v - 3. Let o = s - f. List the prime factors of o.
2
Suppose 0 = -2*j + 2*z + 40, 5*j - 4*z - 93 = 5. Suppose -d = -5*l - j, 4*d + 1 = -3*l + 142. Suppose d = 4*m + 1. What are the prime factors of m?
2
Suppose 4*a = -2*a. Suppose h + 4 = d, -2*d + 4*h - 2 = -a*h. List the prime factors of d.
3
Let g = -1 + 12. Suppose -4*b + g = j, -b = j - 0*b - 26. What are the prime factors of j?
31
Let n be -4 + 0 - -5 - -2. Suppose c = 4, -5*h + 5*c = -0*h + 25. List the prime factors of (1/h)/(n/(-15)).
5
Suppose 2*w - 7*w = 0. Suppose 0 = -5*n - 3*v + 21, 2 = -2*n - w*n + 4*v. List the prime factors of n.
3
Suppose 0 = -9*d + 4*d. Suppose h = 1 - d. Suppose 0 = 3*r - 3*y - 14 + 2, h = r - 4*y. What are the prime factors of r?
5
Let w(x) = x + 5. Suppose 0 = 5*q + 5*t, -4*t = -q + 6*q. Let c be w(q). Suppose -5*r + 5 = c*g, -g + 13 = -5*r - 12. What are the prime factors of g?
5
Let n = 113 + 38. What are the prime factors of n?
151
Let m(t) = -27*t**3 - t**2 - t. Let a(c) = c**2 + 7*c + 9. Let d be a(-5). List the prime factors of m(d).
3
Suppose 3*w = -3 - 21. Let b = 46 + w. What are the prime factors of b?
2, 19
Let y = 0 + 0. Suppose 75 = -y*l + 5*l. List the prime factors of l.
3, 5
Let z(v) = 4*v**2 - 3*v**2 + v**2 - 5*v - 1 + 4. List the prime factors of z(3).
2, 3
Suppose -3 = -4*s + 5. Let h(t) = -t**3 + 6*t**2 - 4*t + 2. What are the prime factors of h(s)?
2, 5
Let a(h) = -2 + 1 + 3*h - 2 + 2*h**2 + 1. What are the prime factors of a(-3)?
7
Suppose -38 = -4*g - 2. List the prime factors of g.
3
Suppose -11*l = -7*l - 8. Suppose -l*w = w - 4*o - 2, 2*o = 5*w - 22. What are the prime factors of w?
2, 3
Let h(f) = f**3 + 4*f**2 - 6*f + 1. Suppose 72 = 2*q - 10. Suppose -4*s = 4*k + 40, k + q = -5*s + 11. What are the prime factors of h(s)?
2, 3
Suppose 0 = -2*b - 5*x + 15, 0 = 3*b - 0*b - x - 14. Suppose b*g - 38 = v, -2*v = -3*g + 3*v + 14. What are the prime factors of g?
2
Suppose 0 = -3*i + 2*l + 203, -320 + 47 = -4*i + 5*l. List the prime factors of i.
67
Let w = 168 + -56. What are the prime factors of w?
2, 7
Suppose t + 0*t - 3*j = 11, 3*t = 4*j + 13. List the prime factors of (3 - t - 2)*7.
2, 7
Let w = -130 - -138. List the prime factors of w.
2
Suppose -5*i - 5 = 0, 4*o - i = 3*i + 20. Let u(p) = 2*p**3 - 6*p**2 + 6*p - 6. Let h be u(4). Suppose -z - o*z + h = 0. What are the prime factors of z?
2, 5
Let u(c) = c**3 + 8*c**2 - 8*c + 12. Let a be u(-9). Suppose a*n - 3 = 3. Suppose -45 = -2*o - 3*t, 2*o + n*t - 50 = -2*t. List the prime factors of o.
3, 5
Let q(w) = w**3 - 17*w**2 + 20*w + 4. What are the prime factors of q(16)?
2, 17
Suppose -42 = 3*d + 4*x - 141, d - x - 33 = 0. List the prime factors of d.
3, 11
Suppose 4*q + q = -50. Let i = q + 15. What are the prime factors of i?
5
Let n(a) = a**3 + 4*a**2 + 3*a. Let g be n(-2). Suppose -5*u + 2*u = 15, -g*u = -w + 38. What are the prime factors of w?
2, 7
Let s = -213 + 359. List the prime factors of s.
2, 73
Suppose -17 - 1 = -3*t. Let b(k) = 5 + 6*k - k**2 + 0*k**2 + 0*k. List the prime factors of b(t).
5
Let i(r) = 4*r**2 + 12*r + 2. Let t(o) = 9*o**2 + 25*o + 4. Let g(j) = -7*i(j) + 3*t(j). What are the prime factors of g(-5)?
2, 3
Let u = -19 + 85. What are the prime factors of u?
2, 3, 11
Suppose -4*i - 16 = -4*g, -4*i + 4*g = 3*g + 4. Let a(d) = i*d + 2*d + 3 - 2. List the prime factors of a(4).
3
Let w be (-14)/3 + 6/9. Let u(i) = 4 - i - 1 - 4. List the prime factors of u(w).
3
Let a(m) = -3*m + 21. What are the prime factors of a(-13)?
2, 3, 5
Suppose 2*i = 96 + 198. What are the prime factors of i?
3, 7
Suppose 8*k - 4*k = 16, 16 = -s + 5*k. List the prime factors of s.
2
Let o(h) = -h**2 + 6*h - 6. What are the prime factors of o(4)?
2
Let l = 40 + 16. Suppose 2*h - 2*t - 46 = 0, -2*h - 3*t + l = -0*t. Suppose -4*g = -h - 11. What are the prime factors of g?
3
Let l(z) = 4*z**2 - 23*z + 6. List the prime factors of l(7).
41
List the prime factors of (9/(-4))/(1/(-8)).
2, 3
Let s = -13 + 7. Let h(n) = 2*n - 4 - n + 0*n - 5*n. What are the prime factors of h(s)?
2, 5
Suppose 0 = 4*b - g - 74 - 34, -4*g + 16 = 0. Let x be (-48)/b + (-4)/14. What are the prime factors of 3 + -1 + 5 + x?
5
Suppose -c + 2*d = 8, -c = -4*c + 4*d - 14. Suppose -4*q + c*q = 0. Suppose 4*u = 3*g - 20, -5*g = 2*u - q*u - 16. What are the prime factors of g?
2
Let m(x) = -18*x + 2. Let v be m(-1). Suppose 2*i = 3*w + v, -i - w = i - 4. List the prime factors of i.
2
Let p = -4 + 4. Let j(w) = -2*w - 2. Let v be j(-8). Suppose 3*y - v = -3*c + 13, p = 4*c + 2*y - 42. What are the prime factors of c?
2, 3
Suppose -3*a - 49 = 20. Let m be a/(-3 + (-3 - -5)). Let v = m + -4. List the prime factors of v.
19
Let f be (-3)/(-6)*9*2. Let u be (-5 + f)*(-2)/(-4). Suppose -u*x = -2 - 0, 0 = -4*n + 3*x + 29. What are the prime factors of n?
2
Let w = -52 + 28. Let g = w + 40. List the prime factors of g.
2
Suppose -4*j + 187 = -3*s, 5*j + 5*s - 114 = 76. List the prime factors of j.
43
Suppose 19 + 23 = 2*s. Suppose -s = -5*m + 54. What are the prime factors of m?
3, 5
Let s(l) = 6*l**2 + l**3 + 5 - 2 + 0. Let a be s(-6). Suppose -3*w + a = -2*w. List the prime factors of w.
3
Suppose 2*w + y = 3, -3*y - 2 = 3*w - 5. Suppose -f = w - 31. List the prime factors of f.